e m(-6). Let i = 33 + r. What is the units digit of i?
8
Suppose p = 3*o + 9, 0 = 4*o + 5 + 7. Suppose -u + 36 = 5*j - 62, -2*u + 2*j + 136 = p. What is the units digit of u?
3
Suppose f = 3*f - 220. What is the units digit of 2*1 + f/5?
4
Let n be (-26)/65 + (-47)/(-5). What is the units digit of 538/18 + 1/n?
0
Let q(r) = 13*r**3 - 2*r**2 - 3*r + 13. What is the units digit of q(2)?
3
Let j = -29 - -26. Let n = 0 - j. Suppose -u = 3, 2*f - n*u = -0*f + 25. What is the units digit of f?
8
Suppose 19 = 2*t + n, -3*t - 2*t + 45 = 2*n. Suppose -10*c + 273 = -t*c. What is the units digit of c?
1
Let n be ((-443)/3 - -3) + (-2)/6. Let h = n - -208. What is the tens digit of h?
6
Suppose -6*m = -10 + 22. Let n(y) = -11*y**3 - 3*y**2 - 2*y - 2. What is the units digit of n(m)?
8
Suppose 0 = -5*t + 3*n - 2229, 5*t + 4*n + 637 = -1571. Let m = -212 - t. Suppose 5*b + 77 - m = 0. What is the tens digit of b?
3
Let k(o) = -o**3 - 4*o**2 + 5. Let w be k(-4). Suppose w*l - 35 = 4*f, 3*l - 5*f = -2*f + 24. What is the tens digit of 16 - l*3/9?
1
Suppose -251 - 225 = -68*d. Let u(g) = 0 + 6*g - 4 - 6. What is the units digit of u(d)?
2
Let w(c) = c**2 + c. Let m(x) = x**3 + 2*x**2 + 3*x + 3. Let l(f) = m(f) + 5*w(f). What is the tens digit of l(-4)?
1
Suppose -i = 4*i. Suppose -4*q + 66 = -18. Suppose o = -i*o + q. What is the tens digit of o?
2
Let t(f) = -6*f**2 - 5*f + 10. Let i(q) = -7*q**2 - 4*q + 9. Let n(u) = 5*i(u) - 6*t(u). Let l be n(-11). What is the tens digit of (l/(-10))/((-1)/(-95))?
3
Let s(d) = -d**3 - 83*d**2 - 15*d + 209. What is the thousands digit of s(-83)?
1
Let l = -550 + 916. Suppose -2*y = y - l. What is the hundreds digit of y?
1
Let x be 290/((-10)/(-5)) - 4. Suppose 4*k - k - x = 0. What is the units digit of k?
7
Let x(w) = -w**3 - 16*w**2 - 11*w - 14. Let j(o) = o**3 + 17*o**2 + 10*o + 13. Let s(a) = 3*j(a) + 4*x(a). What is the hundreds digit of s(-13)?
1
Let n be (2 + (-2 - -1) - 5)*-61. Let j = n - 57. What is the hundreds digit of j?
1
Suppose -3*r = 7 - 13. Suppose 56 = g + g + 2*z, 44 = r*g + 5*z. What is the units digit of g?
2
Let z(s) = -2*s - 39. What is the units digit of z(-24)?
9
Suppose 8*o - 4918 = -1094. What is the hundreds digit of o?
4
Suppose 132 = -3*o + 14*o. Let x(t) = 2*t**2 - 16*t - 12. What is the tens digit of x(o)?
8
Let g be (2/(-4))/(4/(-112)). Let k = g + -10. What is the units digit of k?
4
What is the tens digit of -3 - ((-18)/(-3) - 580)?
7
Let l(u) = 317*u - 380. What is the tens digit of l(6)?
2
Let p(j) = j**3 - 14*j**2 + 3*j - 5. Suppose 4*g - 65 = -5*f - 19, -2*g = 3*f - 22. Let r be p(g). Let y = r + 30. What is the units digit of y?
7
Let b be 4*1 + (4 - 54). Let i = b + 138. What is the tens digit of i?
9
Let b = 141 - -266. What is the tens digit of b?
0
Suppose 5*v - 9*v = -32. Let w be (v - 7) + 2 + -3. Suppose 3*c - 77 - 67 = w. What is the tens digit of c?
4
Let r(z) = z + 32. Let v be r(0). Suppose -2*u + 4*a - 52 = -6*u, -2*u = 4*a - v. Suppose u*x - 200 = 5*x. What is the tens digit of x?
4
Suppose -4*w + 50 = k, 4*k - 99 = k + 5*w. Suppose -5*a = -7 - k. What is the units digit of a?
9
Let q = -1316 - -2234. What is the tens digit of q?
1
Suppose x - l + 3*l - 26 = 0, -4*x = -3*l - 126. Suppose 0 = -d + x + 36. What is the tens digit of d?
6
Suppose 6*k = 3*k - 3*b + 42, 5*k - 64 = -2*b. What is the tens digit of k?
1
Let v = 7913 + -4269. What is the hundreds digit of v?
6
Let n = 34 + -47. Let b = 17 + n. Suppose -3*s = b*c - 71, c + 4*s - 29 = s. What is the units digit of c?
4
Suppose 0 = -l + 482 - 1550. Let x be l/66 - 2/(-11). What is the units digit of 2/3*(-1656)/x?
9
Let z(m) be the third derivative of 2*m**6/15 - m**5/60 - 5*m**4/24 + 3*m**3/2 + 16*m**2. What is the hundreds digit of z(2)?
1
Suppose 0*m + 100 = 2*m. Suppose -m = 5*f - 620. What is the units digit of f?
4
Let l = -65 + 67. Suppose -117 = -l*a + 31. What is the units digit of a?
4
Let u(p) be the third derivative of 11*p**4/24 - p**3 - 12*p**2. Let c be u(3). What is the units digit of -1 + (c - 0/2)?
6
Let v(m) = m**3 + 9*m**2 + 5*m + 11. Let n be v(-7). Let u = n + -42. What is the units digit of u?
2
Suppose 10*k - 436 - 1514 = 0. What is the units digit of k?
5
Let s(v) = -3*v + 15. Let i(q) = 18*q**3 + q**2 + q. Let n be i(-1). What is the tens digit of s(n)?
6
Suppose 4*o - 4 = -2*b, -2*o - 14 = -2*b + 7*b. What is the tens digit of 140 + -3 - 2*(o - 4)?
3
Suppose 0 = 2*s - 6 - 26. Let p be -3*(s/4)/(-4). What is the units digit of p + 3 + -3 - -3?
6
Suppose -5*a = 15, 5*i - 480 = 5*a - 155. Let p = -6 + i. What is the units digit of p?
6
Let y be -3*(-4 - (-1 - 2)). Suppose 0 = 5*l - 4*l + 4, -29 = y*t + 5*l. What is the tens digit of t + 17/2*8?
6
Let o(r) = 10*r - r**2 - 2*r - 3*r - 11*r + 11. Let s be o(-7). Suppose -s*w = 2*y - 76, -2*w + 5*w = -2*y + 81. What is the tens digit of y?
4
Let c = -21 - -52. Suppose 4*u + 15 = u, 4*z + c = 5*u. Let p = -9 - z. What is the units digit of p?
5
Let i(y) = y**2 + 22*y + 76. Let c(h) = -7*h + 93. Let m be c(17). What is the tens digit of i(m)?
8
Let n(s) = -s**3 + 17*s**2 + 19*s - 18. Let g be n(18). Suppose -4*m - 4*r + 284 = g, -r = 3 - 1. What is the units digit of m?
3
Let q(r) = r - 15. Let f(z) = -1. Let w(x) = 3*f(x) + q(x). Let d be w(15). What is the units digit of (d/((-3)/(-19)))/(-1)?
9
Let o = -188 - -1585. What is the tens digit of o?
9
Suppose 10 - 30 = -5*d. Suppose -o - 1 = -d. Suppose 2*c + 50 = 4*m, -65 = -o*m - 7*c + 3*c. What is the tens digit of m?
1
Let n(g) = -23*g + 633. What is the units digit of n(20)?
3
Suppose 3*s + 66 = 183. Suppose 0 = -5*c - 5*i + 90, c + i + s = 3*c. Let k = c + -2. What is the tens digit of k?
1
Suppose -2*h + a + a + 218 = 0, 0 = -a + 3. Let y = h + -26. What is the tens digit of y?
8
Let j(i) = -3*i**2 + 1. Suppose 2*s + 3*s - 5 = 0. Let m be j(s). Let k(l) = 7*l**2 + l. What is the units digit of k(m)?
6
Let f = 81 - 79. Suppose -4*d = -r - 166, 80 = -2*d + 4*d - f*r. What is the units digit of d?
2
Let g(y) = y**3 - 15*y**2 + 19*y + 100. What is the thousands digit of g(17)?
1
Suppose 14622 - 37182 = -20*p. What is the tens digit of p?
2
Let x(o) = 78*o**2 + 64*o - 15. What is the hundreds digit of x(5)?
2
Let q(r) = -3*r**2 - 2*r + 3. Let n be q(5). Suppose -800 = 2*u - 708. Let x = u - n. What is the units digit of x?
6
Let w be (-3 - -1)*29/2 + 1. What is the units digit of (10 - w)*(-6)/(-4)?
7
Suppose 2*m = -5*d - 0*m + 117, -2*d + 44 = -2*m. Let s = d + 75. Suppose -3*u + s = n, u - 5*u + 136 = 4*n. What is the units digit of u?
2
Suppose 4*f + 700 = 2*r + 5*f, -5*f + 1050 = 3*r. What is the tens digit of r?
5
Let p = -16 + 9. Let f be 8/2 - p/(-7). What is the units digit of 39/(f/(-2)*-1)?
6
Let g = -18 - -23. Let a be 856/g - (-84)/105. Suppose 4*d = 28 + a. What is the tens digit of d?
5
Suppose 5*q - 3701 = 4*r, q = -5*r + 283 + 434. What is the tens digit of q?
3
Suppose -v - 5*c + 2695 = 4*v, -c - 1090 = -2*v. What is the hundreds digit of v?
5
Let y = -38 - -86. Suppose z = -4*z - 5*l + 150, -2*z + 2*l = -y. What is the units digit of z?
7
Let c(f) = -f**3 + 9*f**2 + 11*f - 8. Let v(y) = -2*y - 8. Let j be v(-8). What is the units digit of c(j)?
4
Suppose 0 = 18*i + 7437 - 19641. What is the tens digit of i?
7
What is the units digit of ((-52)/(-2))/((70/(-260))/(-7))?
6
Let d = 4266 + -1105. What is the tens digit of d?
6
Let d = -1118 + 1708. What is the tens digit of d?
9
Let q(o) = 5*o**2 + 4*o - 5. Let p be q(-4). Let f = p + -10. What is the tens digit of f?
4
Let i = 397 + -377. What is the tens digit of i?
2
Let j = -759 + 1170. What is the tens digit of j?
1
Let v(q) = 3*q + 21. Let t be v(-11). Let r be ((-1)/4)/(1/t). Suppose r*p = -4*n + 171, -5*n + 2*p + 191 = -40. What is the tens digit of n?
4
Let i(n) = -n**3 - 2*n**2 - n. Let k be i(-2). Suppose -4*v - 3*b - k*b + 18 = 0, -3*v + 3*b = 0. Suppose v*r = 5*r - 6. What is the units digit of r?
2
Let z(q) = -6*q**3 + 7*q**2 + 3*q + 5. Let a(h) = -3*h**3 + 3*h**2 + h + 2. Let w(t) = -7*a(t) + 3*z(t). What is the units digit of w(2)?
9
Let g(y) = 13*y**2 + 6*y + 55. What is the tens digit of g(-6)?
8
Let z be 6*-1 + (-4)/2. Let q(r) = -2*r**3 - r**2 + 2*r - 4. Let x be q(-3). Let g = x + z. What is the units digit of